{"id":234,"date":"2025-02-08T19:37:14","date_gmt":"2025-02-08T18:37:14","guid":{"rendered":"https:\/\/www.erotissimo.net\/?page_id=234"},"modified":"2025-09-04T09:03:14","modified_gmt":"2025-09-04T07:03:14","slug":"exposants","status":"publish","type":"page","link":"https:\/\/www.erotissimo.net\/index.php\/accueil\/home\/univers\/exposants\/","title":{"rendered":"Exposants"},"content":{"rendered":"\t\t<div data-elementor-type=\"wp-page\" data-elementor-id=\"234\" class=\"elementor elementor-234\">\n\t\t\t\t<div class=\"elementor-element elementor-element-25a8cae7 e-flex e-con-boxed e-con e-parent\" data-id=\"25a8cae7\" data-element_type=\"container\">\n\t\t\t\t\t<div class=\"e-con-inner\">\n\t\t<div class=\"elementor-element elementor-element-1163c694 e-con-full e-flex e-con e-child\" data-id=\"1163c694\" data-element_type=\"container\">\n\t\t\t\t<div class=\"elementor-element elementor-element-37455a3 elementor-invisible elementor-widget elementor-widget-heading\" data-id=\"37455a3\" data-element_type=\"widget\" data-settings=\"{&quot;_animation&quot;:&quot;fadeIn&quot;}\" data-widget_type=\"heading.default\">\n\t\t\t\t<div class=\"elementor-widget-container\">\n\t\t\t\t\t<h1 class=\"elementor-heading-title elementor-size-default\">Les exposants<\/h1>\t\t\t\t<\/div>\n\t\t\t\t<\/div>\n\t\t\t\t<div class=\"elementor-element elementor-element-3b43db54 elementor-invisible elementor-widget elementor-widget-heading\" data-id=\"3b43db54\" data-element_type=\"widget\" data-settings=\"{&quot;_animation&quot;:&quot;fadeIn&quot;,&quot;_animation_delay&quot;:400}\" data-widget_type=\"heading.default\">\n\t\t\t\t<div class=\"elementor-widget-container\">\n\t\t\t\t\t<h2 class=\"elementor-heading-title elementor-size-default\">Quelques-uns des exposants pr\u00e9sents sur le salon Erotissimo...<\/h2>\t\t\t\t<\/div>\n\t\t\t\t<\/div>\n\t\t\t\t<\/div>\n\t\t\t\t\t<\/div>\n\t\t\t\t<\/div>\n\t\t<div class=\"elementor-element elementor-element-bb6f8a0 e-flex e-con-boxed e-con e-parent\" data-id=\"bb6f8a0\" data-element_type=\"container\">\n\t\t\t\t\t<div class=\"e-con-inner\">\n\t\t<div class=\"elementor-element elementor-element-8446ce0 e-con-full e-flex e-con e-child\" data-id=\"8446ce0\" data-element_type=\"container\">\n\t\t<div class=\"elementor-element elementor-element-3c68be0 e-con-full e-flex e-con e-child\" data-id=\"3c68be0\" data-element_type=\"container\" data-settings=\"{&quot;background_background&quot;:&quot;classic&quot;}\">\n\t\t\t\t<\/div>\n\t\t<div class=\"elementor-element elementor-element-345b371 e-con-full e-flex e-con e-child\" data-id=\"345b371\" data-element_type=\"container\">\n\t\t\t\t<div class=\"elementor-element elementor-element-f7ced7f elementor-widget elementor-widget-heading\" data-id=\"f7ced7f\" data-element_type=\"widget\" data-widget_type=\"heading.default\">\n\t\t\t\t<div class=\"elementor-widget-container\">\n\t\t\t\t\t<h2 class=\"elementor-heading-title elementor-size-default\">Estain<\/h2>\t\t\t\t<\/div>\n\t\t\t\t<\/div>\n\t\t\t\t<div class=\"elementor-element elementor-element-ccabde1 elementor-widget-divider--view-line elementor-widget elementor-widget-divider\" data-id=\"ccabde1\" data-element_type=\"widget\" data-widget_type=\"divider.default\">\n\t\t\t\t<div class=\"elementor-widget-container\">\n\t\t\t\t\t\t\t<div class=\"elementor-divider\">\n\t\t\t<span class=\"elementor-divider-separator\">\n\t\t\t\t\t\t<\/span>\n\t\t<\/div>\n\t\t\t\t\t\t<\/div>\n\t\t\t\t<\/div>\n\t\t\t\t<div class=\"elementor-element elementor-element-13c6325 elementor-widget elementor-widget-text-editor\" data-id=\"13c6325\" data-element_type=\"widget\" data-widget_type=\"text-editor.default\">\n\t\t\t\t<div class=\"elementor-widget-container\">\n\t\t\t\t\t\t\t\t\t<p>Cr\u00e9ateur de bijoux et de sculptures en \u00e9tain ou en argent.<\/p>\t\t\t\t\t\t\t\t<\/div>\n\t\t\t\t<\/div>\n\t\t\t\t<\/div>\n\t\t\t\t<\/div>\n\t\t<div class=\"elementor-element elementor-element-3a3343c e-con-full e-flex e-con e-child\" data-id=\"3a3343c\" data-element_type=\"container\">\n\t\t<div class=\"elementor-element elementor-element-5962f0e e-con-full e-flex e-con e-child\" data-id=\"5962f0e\" data-element_type=\"container\" data-settings=\"{&quot;background_background&quot;:&quot;classic&quot;}\">\n\t\t\t\t<\/div>\n\t\t<div class=\"elementor-element elementor-element-5a03ac7 e-con-full e-flex e-con e-child\" data-id=\"5a03ac7\" data-element_type=\"container\">\n\t\t\t\t<div class=\"elementor-element elementor-element-5e9b9eb elementor-widget elementor-widget-heading\" data-id=\"5e9b9eb\" data-element_type=\"widget\" data-widget_type=\"heading.default\">\n\t\t\t\t<div class=\"elementor-widget-container\">\n\t\t\t\t\t<h2 class=\"elementor-heading-title elementor-size-default\">Isatys Kelen<\/h2>\t\t\t\t<\/div>\n\t\t\t\t<\/div>\n\t\t\t\t<div class=\"elementor-element elementor-element-4f418a9 elementor-widget-divider--view-line elementor-widget elementor-widget-divider\" data-id=\"4f418a9\" data-element_type=\"widget\" data-widget_type=\"divider.default\">\n\t\t\t\t<div class=\"elementor-widget-container\">\n\t\t\t\t\t\t\t<div class=\"elementor-divider\">\n\t\t\t<span class=\"elementor-divider-separator\">\n\t\t\t\t\t\t<\/span>\n\t\t<\/div>\n\t\t\t\t\t\t<\/div>\n\t\t\t\t<\/div>\n\t\t\t\t<div class=\"elementor-element elementor-element-477420a elementor-widget elementor-widget-text-editor\" data-id=\"477420a\" data-element_type=\"widget\" data-widget_type=\"text-editor.default\">\n\t\t\t\t<div class=\"elementor-widget-container\">\n\t\t\t\t\t\t\t\t\t<p>Cr\u00e9ation de jeux pour 3 joueurs et plus&#8230;<\/p><p>A retrouver dans le square libertin&#8230;<\/p>\t\t\t\t\t\t\t\t<\/div>\n\t\t\t\t<\/div>\n\t\t\t\t<\/div>\n\t\t\t\t<\/div>\n\t\t<div class=\"elementor-element elementor-element-1bfd202 e-con-full e-flex e-con e-child\" data-id=\"1bfd202\" data-element_type=\"container\">\n\t\t<div class=\"elementor-element elementor-element-1ad3ca8 e-con-full e-flex e-con e-child\" data-id=\"1ad3ca8\" data-element_type=\"container\" data-settings=\"{&quot;background_background&quot;:&quot;classic&quot;}\">\n\t\t\t\t<\/div>\n\t\t<div class=\"elementor-element elementor-element-d46e61b e-con-full e-flex e-con e-child\" data-id=\"d46e61b\" data-element_type=\"container\">\n\t\t\t\t<div class=\"elementor-element elementor-element-2b1bd0d elementor-widget elementor-widget-heading\" data-id=\"2b1bd0d\" data-element_type=\"widget\" data-widget_type=\"heading.default\">\n\t\t\t\t<div class=\"elementor-widget-container\">\n\t\t\t\t\t<h2 class=\"elementor-heading-title elementor-size-default\">Vlad le pierceur<\/h2>\t\t\t\t<\/div>\n\t\t\t\t<\/div>\n\t\t\t\t<div class=\"elementor-element elementor-element-856db8f elementor-widget-divider--view-line elementor-widget elementor-widget-divider\" data-id=\"856db8f\" data-element_type=\"widget\" data-widget_type=\"divider.default\">\n\t\t\t\t<div class=\"elementor-widget-container\">\n\t\t\t\t\t\t\t<div class=\"elementor-divider\">\n\t\t\t<span class=\"elementor-divider-separator\">\n\t\t\t\t\t\t<\/span>\n\t\t<\/div>\n\t\t\t\t\t\t<\/div>\n\t\t\t\t<\/div>\n\t\t\t\t<div class=\"elementor-element elementor-element-df8c38e elementor-widget elementor-widget-text-editor\" data-id=\"df8c38e\" data-element_type=\"widget\" data-widget_type=\"text-editor.default\">\n\t\t\t\t<div class=\"elementor-widget-container\">\n\t\t\t\t\t\t\t\t\t<p>Salon de piercing et cabinet de curiosit\u00e9s. Original par ses \u0153uvres, son univers et son \u00e9tat d&rsquo;esprit.<\/p>\t\t\t\t\t\t\t\t<\/div>\n\t\t\t\t<\/div>\n\t\t\t\t<\/div>\n\t\t\t\t<\/div>\n\t\t<div class=\"elementor-element elementor-element-994dcf8 e-con-full e-flex e-con e-child\" data-id=\"994dcf8\" data-element_type=\"container\">\n\t\t<div class=\"elementor-element elementor-element-6816405 e-con-full e-flex e-con e-child\" data-id=\"6816405\" data-element_type=\"container\" data-settings=\"{&quot;background_background&quot;:&quot;classic&quot;}\">\n\t\t\t\t<\/div>\n\t\t<div class=\"elementor-element elementor-element-b735128 e-con-full e-flex e-con e-child\" data-id=\"b735128\" data-element_type=\"container\">\n\t\t\t\t<div class=\"elementor-element elementor-element-2a6b35e elementor-widget elementor-widget-heading\" data-id=\"2a6b35e\" data-element_type=\"widget\" data-widget_type=\"heading.default\">\n\t\t\t\t<div class=\"elementor-widget-container\">\n\t\t\t\t\t<h2 class=\"elementor-heading-title elementor-size-default\">Fetish-Up<\/h2>\t\t\t\t<\/div>\n\t\t\t\t<\/div>\n\t\t\t\t<div class=\"elementor-element elementor-element-ed4ad2e elementor-widget-divider--view-line elementor-widget elementor-widget-divider\" data-id=\"ed4ad2e\" data-element_type=\"widget\" data-widget_type=\"divider.default\">\n\t\t\t\t<div class=\"elementor-widget-container\">\n\t\t\t\t\t\t\t<div class=\"elementor-divider\">\n\t\t\t<span class=\"elementor-divider-separator\">\n\t\t\t\t\t\t<\/span>\n\t\t<\/div>\n\t\t\t\t\t\t<\/div>\n\t\t\t\t<\/div>\n\t\t\t\t<div class=\"elementor-element elementor-element-4eba451 elementor-widget elementor-widget-text-editor\" data-id=\"4eba451\" data-element_type=\"widget\" data-widget_type=\"text-editor.default\">\n\t\t\t\t<div class=\"elementor-widget-container\">\n\t\t\t\t\t\t\t\t\t<p>Tout l&rsquo;univers fetish bdsm fabriqu\u00e9 en Europe et en France dans les meilleurs latex, cuirs ou vinyles.<\/p><p>A retrouver dans l&rsquo;espace BDSM.<\/p>\t\t\t\t\t\t\t\t<\/div>\n\t\t\t\t<\/div>\n\t\t\t\t<\/div>\n\t\t\t\t<\/div>\n\t\t<div class=\"elementor-element elementor-element-ac2d721 e-con-full e-flex e-con e-child\" data-id=\"ac2d721\" data-element_type=\"container\">\n\t\t<div class=\"elementor-element elementor-element-ab55869 e-con-full e-flex e-con e-child\" data-id=\"ab55869\" data-element_type=\"container\" data-settings=\"{&quot;background_background&quot;:&quot;classic&quot;}\">\n\t\t\t\t<\/div>\n\t\t<div class=\"elementor-element elementor-element-cd6cb59 e-con-full e-flex e-con e-child\" data-id=\"cd6cb59\" data-element_type=\"container\">\n\t\t\t\t<div class=\"elementor-element elementor-element-1d0bdef elementor-widget elementor-widget-heading\" data-id=\"1d0bdef\" data-element_type=\"widget\" data-widget_type=\"heading.default\">\n\t\t\t\t<div class=\"elementor-widget-container\">\n\t\t\t\t\t<h2 class=\"elementor-heading-title elementor-size-default\">Plans X<\/h2>\t\t\t\t<\/div>\n\t\t\t\t<\/div>\n\t\t\t\t<div class=\"elementor-element elementor-element-6ddf717 elementor-widget-divider--view-line elementor-widget elementor-widget-divider\" data-id=\"6ddf717\" data-element_type=\"widget\" data-widget_type=\"divider.default\">\n\t\t\t\t<div class=\"elementor-widget-container\">\n\t\t\t\t\t\t\t<div class=\"elementor-divider\">\n\t\t\t<span class=\"elementor-divider-separator\">\n\t\t\t\t\t\t<\/span>\n\t\t<\/div>\n\t\t\t\t\t\t<\/div>\n\t\t\t\t<\/div>\n\t\t\t\t<div class=\"elementor-element elementor-element-65aeea2 elementor-widget elementor-widget-text-editor\" data-id=\"65aeea2\" data-element_type=\"widget\" data-widget_type=\"text-editor.default\">\n\t\t\t\t<div class=\"elementor-widget-container\">\n\t\t\t\t\t\t\t\t\t<p>Sp\u00e9cialiste des salons de l&rsquo;\u00e9rotisme depuis plus de 15 ans.<\/p><p>Distributeur exclusif de stimulants, lubrifiants, huiles de massages&#8230;<\/p>\t\t\t\t\t\t\t\t<\/div>\n\t\t\t\t<\/div>\n\t\t\t\t<\/div>\n\t\t\t\t<\/div>\n\t\t<div class=\"elementor-element elementor-element-aad13f6 e-con-full e-flex e-con e-child\" data-id=\"aad13f6\" data-element_type=\"container\">\n\t\t<div class=\"elementor-element elementor-element-d0e550b e-con-full e-flex e-con e-child\" data-id=\"d0e550b\" data-element_type=\"container\" data-settings=\"{&quot;background_background&quot;:&quot;classic&quot;}\">\n\t\t\t\t<\/div>\n\t\t<div class=\"elementor-element elementor-element-9aecadc e-con-full e-flex e-con e-child\" data-id=\"9aecadc\" data-element_type=\"container\">\n\t\t\t\t<div class=\"elementor-element elementor-element-323d1cf elementor-widget elementor-widget-heading\" data-id=\"323d1cf\" data-element_type=\"widget\" data-widget_type=\"heading.default\">\n\t\t\t\t<div class=\"elementor-widget-container\">\n\t\t\t\t\t<h2 class=\"elementor-heading-title elementor-size-default\">La Quequetterie<\/h2>\t\t\t\t<\/div>\n\t\t\t\t<\/div>\n\t\t\t\t<div class=\"elementor-element elementor-element-23c8e9c elementor-widget-divider--view-line elementor-widget elementor-widget-divider\" data-id=\"23c8e9c\" data-element_type=\"widget\" data-widget_type=\"divider.default\">\n\t\t\t\t<div class=\"elementor-widget-container\">\n\t\t\t\t\t\t\t<div class=\"elementor-divider\">\n\t\t\t<span class=\"elementor-divider-separator\">\n\t\t\t\t\t\t<\/span>\n\t\t<\/div>\n\t\t\t\t\t\t<\/div>\n\t\t\t\t<\/div>\n\t\t\t\t<div class=\"elementor-element elementor-element-fc46978 elementor-widget elementor-widget-text-editor\" data-id=\"fc46978\" data-element_type=\"widget\" data-widget_type=\"text-editor.default\">\n\t\t\t\t<div class=\"elementor-widget-container\">\n\t\t\t\t\t\t\t\t\t<p>Quequettes ou foufounes, il y en a pour tous les go\u00fbts !<\/p><p>Avec des exclusivit\u00e9s pour Erotissimo&#8230;<\/p>\t\t\t\t\t\t\t\t<\/div>\n\t\t\t\t<\/div>\n\t\t\t\t<\/div>\n\t\t\t\t<\/div>\n\t\t<div class=\"elementor-element elementor-element-63b15cc e-con-full e-flex e-con e-child\" data-id=\"63b15cc\" data-element_type=\"container\">\n\t\t<div class=\"elementor-element elementor-element-4d1e71a e-con-full e-flex e-con e-child\" data-id=\"4d1e71a\" data-element_type=\"container\" data-settings=\"{&quot;background_background&quot;:&quot;classic&quot;}\">\n\t\t\t\t<\/div>\n\t\t<div class=\"elementor-element elementor-element-14f6547 e-con-full e-flex e-con e-child\" data-id=\"14f6547\" data-element_type=\"container\">\n\t\t\t\t<div class=\"elementor-element elementor-element-cfe2bf2 elementor-widget elementor-widget-heading\" data-id=\"cfe2bf2\" data-element_type=\"widget\" data-widget_type=\"heading.default\">\n\t\t\t\t<div class=\"elementor-widget-container\">\n\t\t\t\t\t<h2 class=\"elementor-heading-title elementor-size-default\">Sandy X<\/h2>\t\t\t\t<\/div>\n\t\t\t\t<\/div>\n\t\t\t\t<div class=\"elementor-element elementor-element-5607711 elementor-widget-divider--view-line elementor-widget elementor-widget-divider\" data-id=\"5607711\" data-element_type=\"widget\" data-widget_type=\"divider.default\">\n\t\t\t\t<div class=\"elementor-widget-container\">\n\t\t\t\t\t\t\t<div class=\"elementor-divider\">\n\t\t\t<span class=\"elementor-divider-separator\">\n\t\t\t\t\t\t<\/span>\n\t\t<\/div>\n\t\t\t\t\t\t<\/div>\n\t\t\t\t<\/div>\n\t\t\t\t<div class=\"elementor-element elementor-element-3698195 elementor-widget elementor-widget-text-editor\" data-id=\"3698195\" data-element_type=\"widget\" data-widget_type=\"text-editor.default\">\n\t\t\t\t<div class=\"elementor-widget-container\">\n\t\t\t\t\t\t\t\t\t<p>Cr\u00e9atrice et fabricante de robes sensuelles et de lingerie made in France !<\/p>\t\t\t\t\t\t\t\t<\/div>\n\t\t\t\t<\/div>\n\t\t\t\t<\/div>\n\t\t\t\t<\/div>\n\t\t<div class=\"elementor-element elementor-element-7e2ccdb e-con-full e-flex e-con e-child\" data-id=\"7e2ccdb\" data-element_type=\"container\">\n\t\t<div class=\"elementor-element elementor-element-df99914 e-con-full e-flex e-con e-child\" data-id=\"df99914\" data-element_type=\"container\" data-settings=\"{&quot;background_background&quot;:&quot;classic&quot;}\">\n\t\t\t\t<\/div>\n\t\t<div class=\"elementor-element elementor-element-4fca61d e-con-full e-flex e-con e-child\" data-id=\"4fca61d\" data-element_type=\"container\">\n\t\t\t\t<div class=\"elementor-element elementor-element-c1aa42a elementor-widget elementor-widget-heading\" data-id=\"c1aa42a\" data-element_type=\"widget\" data-widget_type=\"heading.default\">\n\t\t\t\t<div class=\"elementor-widget-container\">\n\t\t\t\t\t<h2 class=\"elementor-heading-title elementor-size-default\">Babylon LoveShop<\/h2>\t\t\t\t<\/div>\n\t\t\t\t<\/div>\n\t\t\t\t<div class=\"elementor-element elementor-element-9447643 elementor-widget-divider--view-line elementor-widget elementor-widget-divider\" data-id=\"9447643\" data-element_type=\"widget\" data-widget_type=\"divider.default\">\n\t\t\t\t<div class=\"elementor-widget-container\">\n\t\t\t\t\t\t\t<div class=\"elementor-divider\">\n\t\t\t<span class=\"elementor-divider-separator\">\n\t\t\t\t\t\t<\/span>\n\t\t<\/div>\n\t\t\t\t\t\t<\/div>\n\t\t\t\t<\/div>\n\t\t\t\t<div class=\"elementor-element elementor-element-96f28b8 elementor-widget elementor-widget-text-editor\" data-id=\"96f28b8\" data-element_type=\"widget\" data-widget_type=\"text-editor.default\">\n\t\t\t\t<div class=\"elementor-widget-container\">\n\t\t\t\t\t\t\t\t\t<div dir=\"auto\">Le sp\u00e9cialiste plaisirs et s\u00e9duction sera pr\u00e9sent avec des bonnes affaires, produits exclusifs et des cadeaux&#8230;<\/div><div dir=\"auto\">\u00a0<\/div><div dir=\"auto\">Et aussi des coupons de r\u00e9duction et plus de 800 Mystery Bags !<\/div>\t\t\t\t\t\t\t\t<\/div>\n\t\t\t\t<\/div>\n\t\t\t\t<\/div>\n\t\t\t\t<\/div>\n\t\t<div class=\"elementor-element elementor-element-9eb2945 e-con-full e-flex e-con e-child\" data-id=\"9eb2945\" data-element_type=\"container\">\n\t\t\t\t<div class=\"elementor-element elementor-element-57edaa6 elementor-invisible elementor-widget elementor-widget-heading\" data-id=\"57edaa6\" data-element_type=\"widget\" data-settings=\"{&quot;_animation&quot;:&quot;fadeIn&quot;,&quot;_animation_delay&quot;:400}\" data-widget_type=\"heading.default\">\n\t\t\t\t<div class=\"elementor-widget-container\">\n\t\t\t\t\t<h2 class=\"elementor-heading-title elementor-size-default\">Erotissimo, c'est plus de <b>50 exposants<\/b> pr\u00e9sents sur 3 jours de salon !<\/h2>\t\t\t\t<\/div>\n\t\t\t\t<\/div>\n\t\t\t\t<\/div>\n\t\t\t\t\t<\/div>\n\t\t\t\t<\/div>\n\t\t\t\t<\/div>\n\t\t","protected":false},"excerpt":{"rendered":"<p>Les exposants Quelques-uns des exposants pr\u00e9sents sur le salon Erotissimo&#8230; Estain Cr\u00e9ateur de bijoux et de sculptures en \u00e9tain ou en argent. Isatys Kelen Cr\u00e9ation de jeux pour 3 joueurs et plus&#8230; A retrouver dans le square libertin&#8230; Vlad le pierceur Salon de piercing et cabinet de curiosit\u00e9s. Original par ses \u0153uvres, son univers et [&hellip;]<\/p>\n","protected":false},"author":1,"featured_media":0,"parent":47,"menu_order":0,"comment_status":"closed","ping_status":"closed","template":"elementor_header_footer","meta":{"footnotes":""},"class_list":["post-234","page","type-page","status-publish","hentry"],"_links":{"self":[{"href":"https:\/\/www.erotissimo.net\/index.php\/wp-json\/wp\/v2\/pages\/234","targetHints":{"allow":["GET"]}}],"collection":[{"href":"https:\/\/www.erotissimo.net\/index.php\/wp-json\/wp\/v2\/pages"}],"about":[{"href":"https:\/\/www.erotissimo.net\/index.php\/wp-json\/wp\/v2\/types\/page"}],"author":[{"embeddable":true,"href":"https:\/\/www.erotissimo.net\/index.php\/wp-json\/wp\/v2\/users\/1"}],"replies":[{"embeddable":true,"href":"https:\/\/www.erotissimo.net\/index.php\/wp-json\/wp\/v2\/comments?post=234"}],"version-history":[{"count":31,"href":"https:\/\/www.erotissimo.net\/index.php\/wp-json\/wp\/v2\/pages\/234\/revisions"}],"predecessor-version":[{"id":631,"href":"https:\/\/www.erotissimo.net\/index.php\/wp-json\/wp\/v2\/pages\/234\/revisions\/631"}],"up":[{"embeddable":true,"href":"https:\/\/www.erotissimo.net\/index.php\/wp-json\/wp\/v2\/pages\/47"}],"wp:attachment":[{"href":"https:\/\/www.erotissimo.net\/index.php\/wp-json\/wp\/v2\/media?parent=234"}],"curies":[{"name":"wp","href":"https:\/\/api.w.org\/{rel}","templated":true}]}}